{"id":21745,"date":"2026-01-22T14:58:18","date_gmt":"2026-01-22T11:58:18","guid":{"rendered":"https:\/\/onursarkuterikars.com\/?post_type=product&#038;p=21745"},"modified":"2026-01-23T23:09:11","modified_gmt":"2026-01-23T20:09:11","slug":"koy-tereyagi","status":"publish","type":"product","link":"https:\/\/onursarkuterikars.com\/index.php\/product\/koy-tereyagi\/","title":{"rendered":"K\u00f6y Tereya\u011f\u0131"},"content":{"rendered":"","protected":false},"excerpt":{"rendered":"<p><em>Do\u011fal s\u00fctlerden elde edilen <strong>K\u00f6y Tereya\u011f\u0131<\/strong> (Kahvalt\u0131l\u0131k), katk\u0131s\u0131z ve tamamen saf bir \u00fcr\u00fcnd\u00fcr. Geleneksel y\u00f6ntemlerle \u00fcretilmi\u015f bu tereya\u011f\u0131, kahvalt\u0131 sofralar\u0131na yo\u011fun aroma ve zengin lezzet katar.<\/em><\/p>\n<p><em><strong>\u00d6zellikleri<\/strong>:<\/em><br \/>\n<em><strong>Tamamen do\u011fal<\/strong>: Katk\u0131 maddesi i\u00e7ermez, sa\u011fl\u0131kl\u0131 ve g\u00fcvenlidir.<\/em><\/p>\n<p><em><strong>Yo\u011fun aroma<\/strong>: Taze s\u00fct ve geleneksel y\u00f6ntemler sayesinde do\u011fal lezzet.<\/em><\/p>\n<p><em><strong>\u00c7ok y\u00f6nl\u00fc kullan\u0131m<\/strong>: Kahvalt\u0131da, yemeklerde veya tatl\u0131larda kullan\u0131labilir.<\/em><\/p>\n<p><em><strong>El yap\u0131m\u0131 \u00fcretim<\/strong>: Geleneksel y\u00f6ntemlerle k\u00f6y tereya\u011f\u0131 lezzeti korunur.<\/em><\/p>\n","protected":false},"featured_media":21871,"comment_status":"open","ping_status":"closed","template":"","meta":[],"product_brand":[],"product_cat":[38],"product_tag":[63,62,61],"class_list":{"0":"post-21745","1":"product","2":"type-product","3":"status-publish","4":"has-post-thumbnail","6":"product_cat-yagcesitleri","7":"product_tag-koy-tereyagi","8":"product_tag-tere-yagi","9":"product_tag-yag-cesitleri","11":"first","12":"instock","13":"sale","14":"shipping-taxable","15":"purchasable","16":"product-type-simple"},"yoast_head":"<!-- This site is optimized with the Yoast SEO plugin v26.7 - https:\/\/yoast.com\/wordpress\/plugins\/seo\/ -->\n<title>K\u00f6y Tereya\u011f\u0131 - Onur \u015fark\u00fcteri kars<\/title>\n<meta name=\"robots\" content=\"index, follow, max-snippet:-1, max-image-preview:large, max-video-preview:-1\" \/>\n<link rel=\"canonical\" href=\"https:\/\/onursarkuterikars.com\/index.php\/product\/koy-tereyagi\/\" \/>\n<meta property=\"og:locale\" content=\"tr_TR\" \/>\n<meta property=\"og:type\" content=\"article\" \/>\n<meta property=\"og:title\" content=\"K\u00f6y Tereya\u011f\u0131 - Onur \u015fark\u00fcteri kars\" \/>\n<meta property=\"og:description\" content=\"Do\u011fal s\u00fctlerden elde edilen K\u00f6y Tereya\u011f\u0131 (Kahvalt\u0131l\u0131k), katk\u0131s\u0131z ve tamamen saf bir \u00fcr\u00fcnd\u00fcr. Geleneksel y\u00f6ntemlerle \u00fcretilmi\u015f bu tereya\u011f\u0131, kahvalt\u0131 sofralar\u0131na yo\u011fun aroma ve zengin lezzet katar.  \u00d6zellikleri: Tamamen do\u011fal: Katk\u0131 maddesi i\u00e7ermez, sa\u011fl\u0131kl\u0131 ve g\u00fcvenlidir.  Yo\u011fun aroma: Taze s\u00fct ve geleneksel y\u00f6ntemler sayesinde do\u011fal lezzet.  \u00c7ok y\u00f6nl\u00fc kullan\u0131m: Kahvalt\u0131da, yemeklerde veya tatl\u0131larda kullan\u0131labilir.  El yap\u0131m\u0131 \u00fcretim: Geleneksel y\u00f6ntemlerle k\u00f6y tereya\u011f\u0131 lezzeti korunur.\" \/>\n<meta property=\"og:url\" content=\"https:\/\/onursarkuterikars.com\/index.php\/product\/koy-tereyagi\/\" \/>\n<meta property=\"og:site_name\" content=\"Onur \u015fark\u00fcteri kars\" \/>\n<meta property=\"article:modified_time\" content=\"2026-01-23T20:09:11+00:00\" \/>\n<meta property=\"og:image\" content=\"https:\/\/onursarkuterikars.com\/wp-content\/uploads\/2026\/01\/koy-tereyag-scaled.jpeg\" \/>\n\t<meta property=\"og:image:width\" content=\"1920\" \/>\n\t<meta property=\"og:image:height\" content=\"2560\" \/>\n\t<meta property=\"og:image:type\" content=\"image\/jpeg\" \/>\n<meta name=\"twitter:card\" content=\"summary_large_image\" \/>\n<script type=\"application\/ld+json\" class=\"yoast-schema-graph\">{\"@context\":\"https:\/\/schema.org\",\"@graph\":[{\"@type\":\"WebPage\",\"@id\":\"https:\/\/onursarkuterikars.com\/index.php\/product\/koy-tereyagi\/\",\"url\":\"https:\/\/onursarkuterikars.com\/index.php\/product\/koy-tereyagi\/\",\"name\":\"K\u00f6y Tereya\u011f\u0131 - Onur \u015fark\u00fcteri kars\",\"isPartOf\":{\"@id\":\"https:\/\/onursarkuterikars.com\/#website\"},\"primaryImageOfPage\":{\"@id\":\"https:\/\/onursarkuterikars.com\/index.php\/product\/koy-tereyagi\/#primaryimage\"},\"image\":{\"@id\":\"https:\/\/onursarkuterikars.com\/index.php\/product\/koy-tereyagi\/#primaryimage\"},\"thumbnailUrl\":\"https:\/\/onursarkuterikars.com\/wp-content\/uploads\/2026\/01\/koy-tereyag-scaled.jpeg\",\"datePublished\":\"2026-01-22T11:58:18+00:00\",\"dateModified\":\"2026-01-23T20:09:11+00:00\",\"breadcrumb\":{\"@id\":\"https:\/\/onursarkuterikars.com\/index.php\/product\/koy-tereyagi\/#breadcrumb\"},\"inLanguage\":\"tr\",\"potentialAction\":[{\"@type\":\"ReadAction\",\"target\":[\"https:\/\/onursarkuterikars.com\/index.php\/product\/koy-tereyagi\/\"]}]},{\"@type\":\"ImageObject\",\"inLanguage\":\"tr\",\"@id\":\"https:\/\/onursarkuterikars.com\/index.php\/product\/koy-tereyagi\/#primaryimage\",\"url\":\"https:\/\/onursarkuterikars.com\/wp-content\/uploads\/2026\/01\/koy-tereyag-scaled.jpeg\",\"contentUrl\":\"https:\/\/onursarkuterikars.com\/wp-content\/uploads\/2026\/01\/koy-tereyag-scaled.jpeg\",\"width\":1920,\"height\":2560},{\"@type\":\"BreadcrumbList\",\"@id\":\"https:\/\/onursarkuterikars.com\/index.php\/product\/koy-tereyagi\/#breadcrumb\",\"itemListElement\":[{\"@type\":\"ListItem\",\"position\":1,\"name\":\"Anasayfa\",\"item\":\"https:\/\/onursarkuterikars.com\/\"},{\"@type\":\"ListItem\",\"position\":2,\"name\":\"\u00dcr\u00fcnlerimiz\",\"item\":\"https:\/\/onursarkuterikars.com\/index.php\/urunlerimiz\/\"},{\"@type\":\"ListItem\",\"position\":3,\"name\":\"K\u00f6y Tereya\u011f\u0131\"}]},{\"@type\":\"WebSite\",\"@id\":\"https:\/\/onursarkuterikars.com\/#website\",\"url\":\"https:\/\/onursarkuterikars.com\/\",\"name\":\"Onur \u015fark\u00fcteri kars\",\"description\":\"leziz \u00fcr\u00fcnler\",\"publisher\":{\"@id\":\"https:\/\/onursarkuterikars.com\/#organization\"},\"potentialAction\":[{\"@type\":\"SearchAction\",\"target\":{\"@type\":\"EntryPoint\",\"urlTemplate\":\"https:\/\/onursarkuterikars.com\/?s={search_term_string}\"},\"query-input\":{\"@type\":\"PropertyValueSpecification\",\"valueRequired\":true,\"valueName\":\"search_term_string\"}}],\"inLanguage\":\"tr\"},{\"@type\":\"Organization\",\"@id\":\"https:\/\/onursarkuterikars.com\/#organization\",\"name\":\"Onur \u015fark\u00fcteri kars\",\"url\":\"https:\/\/onursarkuterikars.com\/\",\"logo\":{\"@type\":\"ImageObject\",\"inLanguage\":\"tr\",\"@id\":\"https:\/\/onursarkuterikars.com\/#\/schema\/logo\/image\/\",\"url\":\"https:\/\/onursarkuterikars.com\/wp-content\/uploads\/2026\/01\/cropped-ONUR-SARKUTERI_20251231_202110_0000.png\",\"contentUrl\":\"https:\/\/onursarkuterikars.com\/wp-content\/uploads\/2026\/01\/cropped-ONUR-SARKUTERI_20251231_202110_0000.png\",\"width\":512,\"height\":512,\"caption\":\"Onur \u015fark\u00fcteri kars\"},\"image\":{\"@id\":\"https:\/\/onursarkuterikars.com\/#\/schema\/logo\/image\/\"}}]}<\/script>\n<!-- \/ Yoast SEO plugin. -->","yoast_head_json":{"title":"K\u00f6y Tereya\u011f\u0131 - Onur \u015fark\u00fcteri kars","robots":{"index":"index","follow":"follow","max-snippet":"max-snippet:-1","max-image-preview":"max-image-preview:large","max-video-preview":"max-video-preview:-1"},"canonical":"https:\/\/onursarkuterikars.com\/index.php\/product\/koy-tereyagi\/","og_locale":"tr_TR","og_type":"article","og_title":"K\u00f6y Tereya\u011f\u0131 - Onur \u015fark\u00fcteri kars","og_description":"Do\u011fal s\u00fctlerden elde edilen K\u00f6y Tereya\u011f\u0131 (Kahvalt\u0131l\u0131k), katk\u0131s\u0131z ve tamamen saf bir \u00fcr\u00fcnd\u00fcr. Geleneksel y\u00f6ntemlerle \u00fcretilmi\u015f bu tereya\u011f\u0131, kahvalt\u0131 sofralar\u0131na yo\u011fun aroma ve zengin lezzet katar.  \u00d6zellikleri: Tamamen do\u011fal: Katk\u0131 maddesi i\u00e7ermez, sa\u011fl\u0131kl\u0131 ve g\u00fcvenlidir.  Yo\u011fun aroma: Taze s\u00fct ve geleneksel y\u00f6ntemler sayesinde do\u011fal lezzet.  \u00c7ok y\u00f6nl\u00fc kullan\u0131m: Kahvalt\u0131da, yemeklerde veya tatl\u0131larda kullan\u0131labilir.  El yap\u0131m\u0131 \u00fcretim: Geleneksel y\u00f6ntemlerle k\u00f6y tereya\u011f\u0131 lezzeti korunur.","og_url":"https:\/\/onursarkuterikars.com\/index.php\/product\/koy-tereyagi\/","og_site_name":"Onur \u015fark\u00fcteri kars","article_modified_time":"2026-01-23T20:09:11+00:00","og_image":[{"width":1920,"height":2560,"url":"https:\/\/onursarkuterikars.com\/wp-content\/uploads\/2026\/01\/koy-tereyag-scaled.jpeg","type":"image\/jpeg"}],"twitter_card":"summary_large_image","schema":{"@context":"https:\/\/schema.org","@graph":[{"@type":"WebPage","@id":"https:\/\/onursarkuterikars.com\/index.php\/product\/koy-tereyagi\/","url":"https:\/\/onursarkuterikars.com\/index.php\/product\/koy-tereyagi\/","name":"K\u00f6y Tereya\u011f\u0131 - Onur \u015fark\u00fcteri kars","isPartOf":{"@id":"https:\/\/onursarkuterikars.com\/#website"},"primaryImageOfPage":{"@id":"https:\/\/onursarkuterikars.com\/index.php\/product\/koy-tereyagi\/#primaryimage"},"image":{"@id":"https:\/\/onursarkuterikars.com\/index.php\/product\/koy-tereyagi\/#primaryimage"},"thumbnailUrl":"https:\/\/onursarkuterikars.com\/wp-content\/uploads\/2026\/01\/koy-tereyag-scaled.jpeg","datePublished":"2026-01-22T11:58:18+00:00","dateModified":"2026-01-23T20:09:11+00:00","breadcrumb":{"@id":"https:\/\/onursarkuterikars.com\/index.php\/product\/koy-tereyagi\/#breadcrumb"},"inLanguage":"tr","potentialAction":[{"@type":"ReadAction","target":["https:\/\/onursarkuterikars.com\/index.php\/product\/koy-tereyagi\/"]}]},{"@type":"ImageObject","inLanguage":"tr","@id":"https:\/\/onursarkuterikars.com\/index.php\/product\/koy-tereyagi\/#primaryimage","url":"https:\/\/onursarkuterikars.com\/wp-content\/uploads\/2026\/01\/koy-tereyag-scaled.jpeg","contentUrl":"https:\/\/onursarkuterikars.com\/wp-content\/uploads\/2026\/01\/koy-tereyag-scaled.jpeg","width":1920,"height":2560},{"@type":"BreadcrumbList","@id":"https:\/\/onursarkuterikars.com\/index.php\/product\/koy-tereyagi\/#breadcrumb","itemListElement":[{"@type":"ListItem","position":1,"name":"Anasayfa","item":"https:\/\/onursarkuterikars.com\/"},{"@type":"ListItem","position":2,"name":"\u00dcr\u00fcnlerimiz","item":"https:\/\/onursarkuterikars.com\/index.php\/urunlerimiz\/"},{"@type":"ListItem","position":3,"name":"K\u00f6y Tereya\u011f\u0131"}]},{"@type":"WebSite","@id":"https:\/\/onursarkuterikars.com\/#website","url":"https:\/\/onursarkuterikars.com\/","name":"Onur \u015fark\u00fcteri kars","description":"leziz \u00fcr\u00fcnler","publisher":{"@id":"https:\/\/onursarkuterikars.com\/#organization"},"potentialAction":[{"@type":"SearchAction","target":{"@type":"EntryPoint","urlTemplate":"https:\/\/onursarkuterikars.com\/?s={search_term_string}"},"query-input":{"@type":"PropertyValueSpecification","valueRequired":true,"valueName":"search_term_string"}}],"inLanguage":"tr"},{"@type":"Organization","@id":"https:\/\/onursarkuterikars.com\/#organization","name":"Onur \u015fark\u00fcteri kars","url":"https:\/\/onursarkuterikars.com\/","logo":{"@type":"ImageObject","inLanguage":"tr","@id":"https:\/\/onursarkuterikars.com\/#\/schema\/logo\/image\/","url":"https:\/\/onursarkuterikars.com\/wp-content\/uploads\/2026\/01\/cropped-ONUR-SARKUTERI_20251231_202110_0000.png","contentUrl":"https:\/\/onursarkuterikars.com\/wp-content\/uploads\/2026\/01\/cropped-ONUR-SARKUTERI_20251231_202110_0000.png","width":512,"height":512,"caption":"Onur \u015fark\u00fcteri kars"},"image":{"@id":"https:\/\/onursarkuterikars.com\/#\/schema\/logo\/image\/"}}]}},"_links":{"self":[{"href":"https:\/\/onursarkuterikars.com\/index.php\/wp-json\/wp\/v2\/product\/21745","targetHints":{"allow":["GET"]}}],"collection":[{"href":"https:\/\/onursarkuterikars.com\/index.php\/wp-json\/wp\/v2\/product"}],"about":[{"href":"https:\/\/onursarkuterikars.com\/index.php\/wp-json\/wp\/v2\/types\/product"}],"replies":[{"embeddable":true,"href":"https:\/\/onursarkuterikars.com\/index.php\/wp-json\/wp\/v2\/comments?post=21745"}],"wp:featuredmedia":[{"embeddable":true,"href":"https:\/\/onursarkuterikars.com\/index.php\/wp-json\/wp\/v2\/media\/21871"}],"wp:attachment":[{"href":"https:\/\/onursarkuterikars.com\/index.php\/wp-json\/wp\/v2\/media?parent=21745"}],"wp:term":[{"taxonomy":"product_brand","embeddable":true,"href":"https:\/\/onursarkuterikars.com\/index.php\/wp-json\/wp\/v2\/product_brand?post=21745"},{"taxonomy":"product_cat","embeddable":true,"href":"https:\/\/onursarkuterikars.com\/index.php\/wp-json\/wp\/v2\/product_cat?post=21745"},{"taxonomy":"product_tag","embeddable":true,"href":"https:\/\/onursarkuterikars.com\/index.php\/wp-json\/wp\/v2\/product_tag?post=21745"}],"curies":[{"name":"wp","href":"https:\/\/api.w.org\/{rel}","templated":true}]}}