{"id":21777,"date":"2026-01-22T17:57:41","date_gmt":"2026-01-22T14:57:41","guid":{"rendered":"https:\/\/onursarkuterikars.com\/?post_type=product&#038;p=21777"},"modified":"2026-01-23T21:28:58","modified_gmt":"2026-01-23T18:28:58","slug":"kars-taze-kasar-peyniri","status":"publish","type":"product","link":"https:\/\/onursarkuterikars.com\/index.php\/product\/kars-taze-kasar-peyniri\/","title":{"rendered":"Kars Taze Ka\u015far Peyniri"},"content":{"rendered":"","protected":false},"excerpt":{"rendered":"<p><strong><em>Kars taze ka\u015far peyniri;<\/em><\/strong><\/p>\n<p><em>T\u00fcrkiye\u2019nin do\u011fusunda, kendine has do\u011fas\u0131 ve iklimiyle peynir \u00fcretiminde \u00f6zel bir yere sahip Kars b\u00f6lgesinde geleneksel y\u00f6ntemlerle haz\u0131rlan\u0131r. Bu peynir, s\u0131radan market ka\u015farlar\u0131ndan kesinlikle farkl\u0131d\u0131r ve genellikle \u00e7ocuklar\u0131n severek t\u00fcketti\u011fi, hafif aromas\u0131yla \u00f6n plana \u00e7\u0131kan bir lezzet olarak bilinir. \u00dcretiminde sadece do\u011fal malzemeler kullan\u0131l\u0131r; \u00f6zellikle inek s\u00fct\u00fc baz al\u0131n\u0131r ve peynir mayas\u0131 olarak b\u00f6lgeye \u00f6zg\u00fc \u015f\u0131rdan mayas\u0131 tercih edilir. Tuz olarak ise yaln\u0131zca kaya tuzu kullan\u0131l\u0131r. B\u00f6ylece peynir, tamamen do\u011fal ve katk\u0131s\u0131z bir yap\u0131ya sahip olur.<\/em><\/p>\n<p><em>Kars taze ka\u015far peynirinin ay\u0131rt edici \u00f6zelliklerinden biri de mayalanma s\u00fcrecidir. \u015e\u0131rdan mayas\u0131, do\u011fal ve geleneksel y\u00f6ntemlerle peynirin kendine has dokusunu ve aromas\u0131n\u0131 ortaya \u00e7\u0131kar\u0131r. Bu maya, peynirin olgunla\u015fma s\u00fcrecini dengelerken, peynire hafif ek\u015fimsi bir tat ve yo\u011fun aromatik bir karakter kazand\u0131r\u0131r. End\u00fcstriyel mayalarla haz\u0131rlanan market ka\u015farlar\u0131ndan \u00e7ok daha zengin bir tada sahip olmas\u0131 da buradan gelir. Ayr\u0131ca yaln\u0131zca kaya tuzu kullan\u0131lmas\u0131, peynirin do\u011fall\u0131\u011f\u0131n\u0131 korur ve raf \u00f6mr\u00fc boyunca taze kalmas\u0131na yard\u0131mc\u0131 olur.<\/em><\/p>\n","protected":false},"featured_media":21810,"comment_status":"open","ping_status":"closed","template":"","meta":[],"product_brand":[],"product_cat":[30],"product_tag":[51,67],"class_list":{"0":"post-21777","1":"product","2":"type-product","3":"status-publish","4":"has-post-thumbnail","6":"product_cat-peynircesitleri","7":"product_tag-peynir-cesitleri","8":"product_tag-taze-kasar","10":"first","11":"instock","12":"sale","13":"shipping-taxable","14":"purchasable","15":"product-type-simple"},"yoast_head":"<!-- This site is optimized with the Yoast SEO plugin v26.7 - https:\/\/yoast.com\/wordpress\/plugins\/seo\/ -->\n<title>Kars Taze Ka\u015far Peyniri - Onur \u015fark\u00fcteri kars<\/title>\n<meta name=\"robots\" content=\"index, follow, max-snippet:-1, max-image-preview:large, max-video-preview:-1\" \/>\n<link rel=\"canonical\" href=\"https:\/\/onursarkuterikars.com\/index.php\/product\/kars-taze-kasar-peyniri\/\" \/>\n<meta property=\"og:locale\" content=\"tr_TR\" \/>\n<meta property=\"og:type\" content=\"article\" \/>\n<meta property=\"og:title\" content=\"Kars Taze Ka\u015far Peyniri - Onur \u015fark\u00fcteri kars\" \/>\n<meta property=\"og:description\" content=\"Kars taze ka\u015far peyniri;  T\u00fcrkiye\u2019nin do\u011fusunda, kendine has do\u011fas\u0131 ve iklimiyle peynir \u00fcretiminde \u00f6zel bir yere sahip Kars b\u00f6lgesinde geleneksel y\u00f6ntemlerle haz\u0131rlan\u0131r. Bu peynir, s\u0131radan market ka\u015farlar\u0131ndan kesinlikle farkl\u0131d\u0131r ve genellikle \u00e7ocuklar\u0131n severek t\u00fcketti\u011fi, hafif aromas\u0131yla \u00f6n plana \u00e7\u0131kan bir lezzet olarak bilinir. \u00dcretiminde sadece do\u011fal malzemeler kullan\u0131l\u0131r; \u00f6zellikle inek s\u00fct\u00fc baz al\u0131n\u0131r ve peynir mayas\u0131 olarak b\u00f6lgeye \u00f6zg\u00fc \u015f\u0131rdan mayas\u0131 tercih edilir. Tuz olarak ise yaln\u0131zca kaya tuzu kullan\u0131l\u0131r. B\u00f6ylece peynir, tamamen do\u011fal ve katk\u0131s\u0131z bir yap\u0131ya sahip olur.  Kars taze ka\u015far peynirinin ay\u0131rt edici \u00f6zelliklerinden biri de mayalanma s\u00fcrecidir. \u015e\u0131rdan mayas\u0131, do\u011fal ve geleneksel y\u00f6ntemlerle peynirin kendine has dokusunu ve aromas\u0131n\u0131 ortaya \u00e7\u0131kar\u0131r. Bu maya, peynirin olgunla\u015fma s\u00fcrecini dengelerken, peynire hafif ek\u015fimsi bir tat ve yo\u011fun aromatik bir karakter kazand\u0131r\u0131r. End\u00fcstriyel mayalarla haz\u0131rlanan market ka\u015farlar\u0131ndan \u00e7ok daha zengin bir tada sahip olmas\u0131 da buradan gelir. Ayr\u0131ca yaln\u0131zca kaya tuzu kullan\u0131lmas\u0131, peynirin do\u011fall\u0131\u011f\u0131n\u0131 korur ve raf \u00f6mr\u00fc boyunca taze kalmas\u0131na yard\u0131mc\u0131 olur.\" \/>\n<meta property=\"og:url\" content=\"https:\/\/onursarkuterikars.com\/index.php\/product\/kars-taze-kasar-peyniri\/\" \/>\n<meta property=\"og:site_name\" content=\"Onur \u015fark\u00fcteri kars\" \/>\n<meta property=\"article:modified_time\" content=\"2026-01-23T18:28:58+00:00\" \/>\n<meta property=\"og:image\" content=\"https:\/\/onursarkuterikars.com\/wp-content\/uploads\/2026\/01\/taze-scaled.jpeg\" \/>\n\t<meta property=\"og:image:width\" content=\"1920\" \/>\n\t<meta property=\"og:image:height\" content=\"2560\" \/>\n\t<meta property=\"og:image:type\" content=\"image\/jpeg\" \/>\n<meta name=\"twitter:card\" content=\"summary_large_image\" \/>\n<script type=\"application\/ld+json\" class=\"yoast-schema-graph\">{\"@context\":\"https:\/\/schema.org\",\"@graph\":[{\"@type\":\"WebPage\",\"@id\":\"https:\/\/onursarkuterikars.com\/index.php\/product\/kars-taze-kasar-peyniri\/\",\"url\":\"https:\/\/onursarkuterikars.com\/index.php\/product\/kars-taze-kasar-peyniri\/\",\"name\":\"Kars Taze Ka\u015far Peyniri - Onur \u015fark\u00fcteri kars\",\"isPartOf\":{\"@id\":\"https:\/\/onursarkuterikars.com\/#website\"},\"primaryImageOfPage\":{\"@id\":\"https:\/\/onursarkuterikars.com\/index.php\/product\/kars-taze-kasar-peyniri\/#primaryimage\"},\"image\":{\"@id\":\"https:\/\/onursarkuterikars.com\/index.php\/product\/kars-taze-kasar-peyniri\/#primaryimage\"},\"thumbnailUrl\":\"https:\/\/onursarkuterikars.com\/wp-content\/uploads\/2026\/01\/taze-scaled.jpeg\",\"datePublished\":\"2026-01-22T14:57:41+00:00\",\"dateModified\":\"2026-01-23T18:28:58+00:00\",\"breadcrumb\":{\"@id\":\"https:\/\/onursarkuterikars.com\/index.php\/product\/kars-taze-kasar-peyniri\/#breadcrumb\"},\"inLanguage\":\"tr\",\"potentialAction\":[{\"@type\":\"ReadAction\",\"target\":[\"https:\/\/onursarkuterikars.com\/index.php\/product\/kars-taze-kasar-peyniri\/\"]}]},{\"@type\":\"ImageObject\",\"inLanguage\":\"tr\",\"@id\":\"https:\/\/onursarkuterikars.com\/index.php\/product\/kars-taze-kasar-peyniri\/#primaryimage\",\"url\":\"https:\/\/onursarkuterikars.com\/wp-content\/uploads\/2026\/01\/taze-scaled.jpeg\",\"contentUrl\":\"https:\/\/onursarkuterikars.com\/wp-content\/uploads\/2026\/01\/taze-scaled.jpeg\",\"width\":1920,\"height\":2560},{\"@type\":\"BreadcrumbList\",\"@id\":\"https:\/\/onursarkuterikars.com\/index.php\/product\/kars-taze-kasar-peyniri\/#breadcrumb\",\"itemListElement\":[{\"@type\":\"ListItem\",\"position\":1,\"name\":\"Anasayfa\",\"item\":\"https:\/\/onursarkuterikars.com\/\"},{\"@type\":\"ListItem\",\"position\":2,\"name\":\"\u00dcr\u00fcnlerimiz\",\"item\":\"https:\/\/onursarkuterikars.com\/index.php\/urunlerimiz\/\"},{\"@type\":\"ListItem\",\"position\":3,\"name\":\"Kars Taze Ka\u015far Peyniri\"}]},{\"@type\":\"WebSite\",\"@id\":\"https:\/\/onursarkuterikars.com\/#website\",\"url\":\"https:\/\/onursarkuterikars.com\/\",\"name\":\"Onur \u015fark\u00fcteri kars\",\"description\":\"leziz \u00fcr\u00fcnler\",\"publisher\":{\"@id\":\"https:\/\/onursarkuterikars.com\/#organization\"},\"potentialAction\":[{\"@type\":\"SearchAction\",\"target\":{\"@type\":\"EntryPoint\",\"urlTemplate\":\"https:\/\/onursarkuterikars.com\/?s={search_term_string}\"},\"query-input\":{\"@type\":\"PropertyValueSpecification\",\"valueRequired\":true,\"valueName\":\"search_term_string\"}}],\"inLanguage\":\"tr\"},{\"@type\":\"Organization\",\"@id\":\"https:\/\/onursarkuterikars.com\/#organization\",\"name\":\"Onur \u015fark\u00fcteri kars\",\"url\":\"https:\/\/onursarkuterikars.com\/\",\"logo\":{\"@type\":\"ImageObject\",\"inLanguage\":\"tr\",\"@id\":\"https:\/\/onursarkuterikars.com\/#\/schema\/logo\/image\/\",\"url\":\"https:\/\/onursarkuterikars.com\/wp-content\/uploads\/2026\/01\/cropped-ONUR-SARKUTERI_20251231_202110_0000.png\",\"contentUrl\":\"https:\/\/onursarkuterikars.com\/wp-content\/uploads\/2026\/01\/cropped-ONUR-SARKUTERI_20251231_202110_0000.png\",\"width\":512,\"height\":512,\"caption\":\"Onur \u015fark\u00fcteri kars\"},\"image\":{\"@id\":\"https:\/\/onursarkuterikars.com\/#\/schema\/logo\/image\/\"}}]}<\/script>\n<!-- \/ Yoast SEO plugin. -->","yoast_head_json":{"title":"Kars Taze Ka\u015far Peyniri - Onur \u015fark\u00fcteri kars","robots":{"index":"index","follow":"follow","max-snippet":"max-snippet:-1","max-image-preview":"max-image-preview:large","max-video-preview":"max-video-preview:-1"},"canonical":"https:\/\/onursarkuterikars.com\/index.php\/product\/kars-taze-kasar-peyniri\/","og_locale":"tr_TR","og_type":"article","og_title":"Kars Taze Ka\u015far Peyniri - Onur \u015fark\u00fcteri kars","og_description":"Kars taze ka\u015far peyniri;  T\u00fcrkiye\u2019nin do\u011fusunda, kendine has do\u011fas\u0131 ve iklimiyle peynir \u00fcretiminde \u00f6zel bir yere sahip Kars b\u00f6lgesinde geleneksel y\u00f6ntemlerle haz\u0131rlan\u0131r. Bu peynir, s\u0131radan market ka\u015farlar\u0131ndan kesinlikle farkl\u0131d\u0131r ve genellikle \u00e7ocuklar\u0131n severek t\u00fcketti\u011fi, hafif aromas\u0131yla \u00f6n plana \u00e7\u0131kan bir lezzet olarak bilinir. \u00dcretiminde sadece do\u011fal malzemeler kullan\u0131l\u0131r; \u00f6zellikle inek s\u00fct\u00fc baz al\u0131n\u0131r ve peynir mayas\u0131 olarak b\u00f6lgeye \u00f6zg\u00fc \u015f\u0131rdan mayas\u0131 tercih edilir. Tuz olarak ise yaln\u0131zca kaya tuzu kullan\u0131l\u0131r. B\u00f6ylece peynir, tamamen do\u011fal ve katk\u0131s\u0131z bir yap\u0131ya sahip olur.  Kars taze ka\u015far peynirinin ay\u0131rt edici \u00f6zelliklerinden biri de mayalanma s\u00fcrecidir. \u015e\u0131rdan mayas\u0131, do\u011fal ve geleneksel y\u00f6ntemlerle peynirin kendine has dokusunu ve aromas\u0131n\u0131 ortaya \u00e7\u0131kar\u0131r. Bu maya, peynirin olgunla\u015fma s\u00fcrecini dengelerken, peynire hafif ek\u015fimsi bir tat ve yo\u011fun aromatik bir karakter kazand\u0131r\u0131r. End\u00fcstriyel mayalarla haz\u0131rlanan market ka\u015farlar\u0131ndan \u00e7ok daha zengin bir tada sahip olmas\u0131 da buradan gelir. Ayr\u0131ca yaln\u0131zca kaya tuzu kullan\u0131lmas\u0131, peynirin do\u011fall\u0131\u011f\u0131n\u0131 korur ve raf \u00f6mr\u00fc boyunca taze kalmas\u0131na yard\u0131mc\u0131 olur.","og_url":"https:\/\/onursarkuterikars.com\/index.php\/product\/kars-taze-kasar-peyniri\/","og_site_name":"Onur \u015fark\u00fcteri kars","article_modified_time":"2026-01-23T18:28:58+00:00","og_image":[{"width":1920,"height":2560,"url":"https:\/\/onursarkuterikars.com\/wp-content\/uploads\/2026\/01\/taze-scaled.jpeg","type":"image\/jpeg"}],"twitter_card":"summary_large_image","schema":{"@context":"https:\/\/schema.org","@graph":[{"@type":"WebPage","@id":"https:\/\/onursarkuterikars.com\/index.php\/product\/kars-taze-kasar-peyniri\/","url":"https:\/\/onursarkuterikars.com\/index.php\/product\/kars-taze-kasar-peyniri\/","name":"Kars Taze Ka\u015far Peyniri - Onur \u015fark\u00fcteri kars","isPartOf":{"@id":"https:\/\/onursarkuterikars.com\/#website"},"primaryImageOfPage":{"@id":"https:\/\/onursarkuterikars.com\/index.php\/product\/kars-taze-kasar-peyniri\/#primaryimage"},"image":{"@id":"https:\/\/onursarkuterikars.com\/index.php\/product\/kars-taze-kasar-peyniri\/#primaryimage"},"thumbnailUrl":"https:\/\/onursarkuterikars.com\/wp-content\/uploads\/2026\/01\/taze-scaled.jpeg","datePublished":"2026-01-22T14:57:41+00:00","dateModified":"2026-01-23T18:28:58+00:00","breadcrumb":{"@id":"https:\/\/onursarkuterikars.com\/index.php\/product\/kars-taze-kasar-peyniri\/#breadcrumb"},"inLanguage":"tr","potentialAction":[{"@type":"ReadAction","target":["https:\/\/onursarkuterikars.com\/index.php\/product\/kars-taze-kasar-peyniri\/"]}]},{"@type":"ImageObject","inLanguage":"tr","@id":"https:\/\/onursarkuterikars.com\/index.php\/product\/kars-taze-kasar-peyniri\/#primaryimage","url":"https:\/\/onursarkuterikars.com\/wp-content\/uploads\/2026\/01\/taze-scaled.jpeg","contentUrl":"https:\/\/onursarkuterikars.com\/wp-content\/uploads\/2026\/01\/taze-scaled.jpeg","width":1920,"height":2560},{"@type":"BreadcrumbList","@id":"https:\/\/onursarkuterikars.com\/index.php\/product\/kars-taze-kasar-peyniri\/#breadcrumb","itemListElement":[{"@type":"ListItem","position":1,"name":"Anasayfa","item":"https:\/\/onursarkuterikars.com\/"},{"@type":"ListItem","position":2,"name":"\u00dcr\u00fcnlerimiz","item":"https:\/\/onursarkuterikars.com\/index.php\/urunlerimiz\/"},{"@type":"ListItem","position":3,"name":"Kars Taze Ka\u015far Peyniri"}]},{"@type":"WebSite","@id":"https:\/\/onursarkuterikars.com\/#website","url":"https:\/\/onursarkuterikars.com\/","name":"Onur \u015fark\u00fcteri kars","description":"leziz \u00fcr\u00fcnler","publisher":{"@id":"https:\/\/onursarkuterikars.com\/#organization"},"potentialAction":[{"@type":"SearchAction","target":{"@type":"EntryPoint","urlTemplate":"https:\/\/onursarkuterikars.com\/?s={search_term_string}"},"query-input":{"@type":"PropertyValueSpecification","valueRequired":true,"valueName":"search_term_string"}}],"inLanguage":"tr"},{"@type":"Organization","@id":"https:\/\/onursarkuterikars.com\/#organization","name":"Onur \u015fark\u00fcteri kars","url":"https:\/\/onursarkuterikars.com\/","logo":{"@type":"ImageObject","inLanguage":"tr","@id":"https:\/\/onursarkuterikars.com\/#\/schema\/logo\/image\/","url":"https:\/\/onursarkuterikars.com\/wp-content\/uploads\/2026\/01\/cropped-ONUR-SARKUTERI_20251231_202110_0000.png","contentUrl":"https:\/\/onursarkuterikars.com\/wp-content\/uploads\/2026\/01\/cropped-ONUR-SARKUTERI_20251231_202110_0000.png","width":512,"height":512,"caption":"Onur \u015fark\u00fcteri kars"},"image":{"@id":"https:\/\/onursarkuterikars.com\/#\/schema\/logo\/image\/"}}]}},"_links":{"self":[{"href":"https:\/\/onursarkuterikars.com\/index.php\/wp-json\/wp\/v2\/product\/21777","targetHints":{"allow":["GET"]}}],"collection":[{"href":"https:\/\/onursarkuterikars.com\/index.php\/wp-json\/wp\/v2\/product"}],"about":[{"href":"https:\/\/onursarkuterikars.com\/index.php\/wp-json\/wp\/v2\/types\/product"}],"replies":[{"embeddable":true,"href":"https:\/\/onursarkuterikars.com\/index.php\/wp-json\/wp\/v2\/comments?post=21777"}],"wp:featuredmedia":[{"embeddable":true,"href":"https:\/\/onursarkuterikars.com\/index.php\/wp-json\/wp\/v2\/media\/21810"}],"wp:attachment":[{"href":"https:\/\/onursarkuterikars.com\/index.php\/wp-json\/wp\/v2\/media?parent=21777"}],"wp:term":[{"taxonomy":"product_brand","embeddable":true,"href":"https:\/\/onursarkuterikars.com\/index.php\/wp-json\/wp\/v2\/product_brand?post=21777"},{"taxonomy":"product_cat","embeddable":true,"href":"https:\/\/onursarkuterikars.com\/index.php\/wp-json\/wp\/v2\/product_cat?post=21777"},{"taxonomy":"product_tag","embeddable":true,"href":"https:\/\/onursarkuterikars.com\/index.php\/wp-json\/wp\/v2\/product_tag?post=21777"}],"curies":[{"name":"wp","href":"https:\/\/api.w.org\/{rel}","templated":true}]}}