{"id":21846,"date":"2026-01-23T22:35:36","date_gmt":"2026-01-23T19:35:36","guid":{"rendered":"https:\/\/onursarkuterikars.com\/?post_type=product&#038;p=21846"},"modified":"2026-01-23T22:39:57","modified_gmt":"2026-01-23T19:39:57","slug":"taze-cecil-peyniri","status":"publish","type":"product","link":"https:\/\/onursarkuterikars.com\/index.php\/product\/taze-cecil-peyniri\/","title":{"rendered":"Taze \u00c7e\u00e7il Peyniri"},"content":{"rendered":"","protected":false},"excerpt":{"rendered":"<p><em><strong>Taze \u00c7e\u00e7il Peyniri\u00a0<\/strong><\/em><br \/>\n<em>Taze \u00e7e\u00e7il peyniri Kars\u2019\u0131n zengin peynir k\u00fclt\u00fcr\u00fcnden ilham al\u0131narak \u00fcretilmi\u015f bir peynirdir. Do\u011fal ve katk\u0131s\u0131z y\u00f6ntemlerle \u00fcretildi\u011fi i\u00e7in tercih edilen, \u00f6zel bir peynir t\u00fcr\u00fc olan taze \u00e7e\u00e7il peyniri, do\u011fal yollarla fermente edilir. \u0130\u00e7erisinde hi\u00e7bir katk\u0131 maddesi veya yapay koruyucu bulunmaz. Tamamen geleneksel y\u00f6ntemlerle haz\u0131rland\u0131\u011f\u0131 i\u00e7in her ya\u015f grubundan t\u00fcketici taraf\u0131ndan g\u00f6n\u00fcl rahatl\u0131\u011f\u0131yla t\u00fcketilebilir. Temiz do\u011fada yeti\u015fen hayvanlar\u0131n s\u00fctlerinden elde edilen taze \u00e7e\u00e7il peyniri, hem do\u011fal hem de besleyici \u00f6zelli\u011fe sahiptir. Y\u00fcksek protein, kalsiyum ve sa\u011fl\u0131kl\u0131 ya\u011flar a\u00e7\u0131s\u0131ndan \u00e7ok zengin olan taze \u00e7e\u00e7il peyniri, sa\u011fl\u0131kl\u0131 beslenmek isteyenler taraf\u0131ndan tercih edilebilecek en ideal se\u00e7eneklerden biridir.<\/em><\/p>\n","protected":false},"featured_media":21849,"comment_status":"open","ping_status":"closed","template":"","meta":[],"product_brand":[],"product_cat":[30],"product_tag":[72,51],"class_list":{"0":"post-21846","1":"product","2":"type-product","3":"status-publish","4":"has-post-thumbnail","6":"product_cat-peynircesitleri","7":"product_tag-cecil-peyniri","8":"product_tag-peynir-cesitleri","10":"first","11":"instock","12":"sale","13":"shipping-taxable","14":"purchasable","15":"product-type-variable"},"yoast_head":"<!-- This site is optimized with the Yoast SEO plugin v26.7 - https:\/\/yoast.com\/wordpress\/plugins\/seo\/ -->\n<title>Taze \u00c7e\u00e7il Peyniri - Onur \u015fark\u00fcteri kars<\/title>\n<meta name=\"robots\" content=\"index, follow, max-snippet:-1, max-image-preview:large, max-video-preview:-1\" \/>\n<link rel=\"canonical\" href=\"https:\/\/onursarkuterikars.com\/index.php\/product\/taze-cecil-peyniri\/\" \/>\n<meta property=\"og:locale\" content=\"tr_TR\" \/>\n<meta property=\"og:type\" content=\"article\" \/>\n<meta property=\"og:title\" content=\"Taze \u00c7e\u00e7il Peyniri - Onur \u015fark\u00fcteri kars\" \/>\n<meta property=\"og:description\" content=\"Taze \u00c7e\u00e7il Peyniri\u00a0 Taze \u00e7e\u00e7il peyniri Kars\u2019\u0131n zengin peynir k\u00fclt\u00fcr\u00fcnden ilham al\u0131narak \u00fcretilmi\u015f bir peynirdir. Do\u011fal ve katk\u0131s\u0131z y\u00f6ntemlerle \u00fcretildi\u011fi i\u00e7in tercih edilen, \u00f6zel bir peynir t\u00fcr\u00fc olan taze \u00e7e\u00e7il peyniri, do\u011fal yollarla fermente edilir. \u0130\u00e7erisinde hi\u00e7bir katk\u0131 maddesi veya yapay koruyucu bulunmaz. Tamamen geleneksel y\u00f6ntemlerle haz\u0131rland\u0131\u011f\u0131 i\u00e7in her ya\u015f grubundan t\u00fcketici taraf\u0131ndan g\u00f6n\u00fcl rahatl\u0131\u011f\u0131yla t\u00fcketilebilir. Temiz do\u011fada yeti\u015fen hayvanlar\u0131n s\u00fctlerinden elde edilen taze \u00e7e\u00e7il peyniri, hem do\u011fal hem de besleyici \u00f6zelli\u011fe sahiptir. Y\u00fcksek protein, kalsiyum ve sa\u011fl\u0131kl\u0131 ya\u011flar a\u00e7\u0131s\u0131ndan \u00e7ok zengin olan taze \u00e7e\u00e7il peyniri, sa\u011fl\u0131kl\u0131 beslenmek isteyenler taraf\u0131ndan tercih edilebilecek en ideal se\u00e7eneklerden biridir.\" \/>\n<meta property=\"og:url\" content=\"https:\/\/onursarkuterikars.com\/index.php\/product\/taze-cecil-peyniri\/\" \/>\n<meta property=\"og:site_name\" content=\"Onur \u015fark\u00fcteri kars\" \/>\n<meta property=\"article:modified_time\" content=\"2026-01-23T19:39:57+00:00\" \/>\n<meta property=\"og:image\" content=\"https:\/\/onursarkuterikars.com\/wp-content\/uploads\/2026\/01\/BeyazCcecil-scaled.jpeg\" \/>\n\t<meta property=\"og:image:width\" content=\"1920\" \/>\n\t<meta property=\"og:image:height\" content=\"2560\" \/>\n\t<meta property=\"og:image:type\" content=\"image\/jpeg\" \/>\n<meta name=\"twitter:card\" content=\"summary_large_image\" \/>\n<meta name=\"twitter:label1\" content=\"Tahmini okuma s\u00fcresi\" \/>\n\t<meta name=\"twitter:data1\" content=\"1 dakika\" \/>\n<script type=\"application\/ld+json\" class=\"yoast-schema-graph\">{\"@context\":\"https:\/\/schema.org\",\"@graph\":[{\"@type\":\"WebPage\",\"@id\":\"https:\/\/onursarkuterikars.com\/index.php\/product\/taze-cecil-peyniri\/\",\"url\":\"https:\/\/onursarkuterikars.com\/index.php\/product\/taze-cecil-peyniri\/\",\"name\":\"Taze \u00c7e\u00e7il Peyniri - Onur \u015fark\u00fcteri kars\",\"isPartOf\":{\"@id\":\"https:\/\/onursarkuterikars.com\/#website\"},\"primaryImageOfPage\":{\"@id\":\"https:\/\/onursarkuterikars.com\/index.php\/product\/taze-cecil-peyniri\/#primaryimage\"},\"image\":{\"@id\":\"https:\/\/onursarkuterikars.com\/index.php\/product\/taze-cecil-peyniri\/#primaryimage\"},\"thumbnailUrl\":\"https:\/\/onursarkuterikars.com\/wp-content\/uploads\/2026\/01\/BeyazCcecil-scaled.jpeg\",\"datePublished\":\"2026-01-23T19:35:36+00:00\",\"dateModified\":\"2026-01-23T19:39:57+00:00\",\"breadcrumb\":{\"@id\":\"https:\/\/onursarkuterikars.com\/index.php\/product\/taze-cecil-peyniri\/#breadcrumb\"},\"inLanguage\":\"tr\",\"potentialAction\":[{\"@type\":\"ReadAction\",\"target\":[\"https:\/\/onursarkuterikars.com\/index.php\/product\/taze-cecil-peyniri\/\"]}]},{\"@type\":\"ImageObject\",\"inLanguage\":\"tr\",\"@id\":\"https:\/\/onursarkuterikars.com\/index.php\/product\/taze-cecil-peyniri\/#primaryimage\",\"url\":\"https:\/\/onursarkuterikars.com\/wp-content\/uploads\/2026\/01\/BeyazCcecil-scaled.jpeg\",\"contentUrl\":\"https:\/\/onursarkuterikars.com\/wp-content\/uploads\/2026\/01\/BeyazCcecil-scaled.jpeg\",\"width\":1920,\"height\":2560},{\"@type\":\"BreadcrumbList\",\"@id\":\"https:\/\/onursarkuterikars.com\/index.php\/product\/taze-cecil-peyniri\/#breadcrumb\",\"itemListElement\":[{\"@type\":\"ListItem\",\"position\":1,\"name\":\"Anasayfa\",\"item\":\"https:\/\/onursarkuterikars.com\/\"},{\"@type\":\"ListItem\",\"position\":2,\"name\":\"\u00dcr\u00fcnlerimiz\",\"item\":\"https:\/\/onursarkuterikars.com\/index.php\/urunlerimiz\/\"},{\"@type\":\"ListItem\",\"position\":3,\"name\":\"Taze \u00c7e\u00e7il Peyniri\"}]},{\"@type\":\"WebSite\",\"@id\":\"https:\/\/onursarkuterikars.com\/#website\",\"url\":\"https:\/\/onursarkuterikars.com\/\",\"name\":\"Onur \u015fark\u00fcteri kars\",\"description\":\"leziz \u00fcr\u00fcnler\",\"publisher\":{\"@id\":\"https:\/\/onursarkuterikars.com\/#organization\"},\"potentialAction\":[{\"@type\":\"SearchAction\",\"target\":{\"@type\":\"EntryPoint\",\"urlTemplate\":\"https:\/\/onursarkuterikars.com\/?s={search_term_string}\"},\"query-input\":{\"@type\":\"PropertyValueSpecification\",\"valueRequired\":true,\"valueName\":\"search_term_string\"}}],\"inLanguage\":\"tr\"},{\"@type\":\"Organization\",\"@id\":\"https:\/\/onursarkuterikars.com\/#organization\",\"name\":\"Onur \u015fark\u00fcteri kars\",\"url\":\"https:\/\/onursarkuterikars.com\/\",\"logo\":{\"@type\":\"ImageObject\",\"inLanguage\":\"tr\",\"@id\":\"https:\/\/onursarkuterikars.com\/#\/schema\/logo\/image\/\",\"url\":\"https:\/\/onursarkuterikars.com\/wp-content\/uploads\/2026\/01\/cropped-ONUR-SARKUTERI_20251231_202110_0000.png\",\"contentUrl\":\"https:\/\/onursarkuterikars.com\/wp-content\/uploads\/2026\/01\/cropped-ONUR-SARKUTERI_20251231_202110_0000.png\",\"width\":512,\"height\":512,\"caption\":\"Onur \u015fark\u00fcteri kars\"},\"image\":{\"@id\":\"https:\/\/onursarkuterikars.com\/#\/schema\/logo\/image\/\"}}]}<\/script>\n<!-- \/ Yoast SEO plugin. -->","yoast_head_json":{"title":"Taze \u00c7e\u00e7il Peyniri - Onur \u015fark\u00fcteri kars","robots":{"index":"index","follow":"follow","max-snippet":"max-snippet:-1","max-image-preview":"max-image-preview:large","max-video-preview":"max-video-preview:-1"},"canonical":"https:\/\/onursarkuterikars.com\/index.php\/product\/taze-cecil-peyniri\/","og_locale":"tr_TR","og_type":"article","og_title":"Taze \u00c7e\u00e7il Peyniri - Onur \u015fark\u00fcteri kars","og_description":"Taze \u00c7e\u00e7il Peyniri\u00a0 Taze \u00e7e\u00e7il peyniri Kars\u2019\u0131n zengin peynir k\u00fclt\u00fcr\u00fcnden ilham al\u0131narak \u00fcretilmi\u015f bir peynirdir. Do\u011fal ve katk\u0131s\u0131z y\u00f6ntemlerle \u00fcretildi\u011fi i\u00e7in tercih edilen, \u00f6zel bir peynir t\u00fcr\u00fc olan taze \u00e7e\u00e7il peyniri, do\u011fal yollarla fermente edilir. \u0130\u00e7erisinde hi\u00e7bir katk\u0131 maddesi veya yapay koruyucu bulunmaz. Tamamen geleneksel y\u00f6ntemlerle haz\u0131rland\u0131\u011f\u0131 i\u00e7in her ya\u015f grubundan t\u00fcketici taraf\u0131ndan g\u00f6n\u00fcl rahatl\u0131\u011f\u0131yla t\u00fcketilebilir. Temiz do\u011fada yeti\u015fen hayvanlar\u0131n s\u00fctlerinden elde edilen taze \u00e7e\u00e7il peyniri, hem do\u011fal hem de besleyici \u00f6zelli\u011fe sahiptir. Y\u00fcksek protein, kalsiyum ve sa\u011fl\u0131kl\u0131 ya\u011flar a\u00e7\u0131s\u0131ndan \u00e7ok zengin olan taze \u00e7e\u00e7il peyniri, sa\u011fl\u0131kl\u0131 beslenmek isteyenler taraf\u0131ndan tercih edilebilecek en ideal se\u00e7eneklerden biridir.","og_url":"https:\/\/onursarkuterikars.com\/index.php\/product\/taze-cecil-peyniri\/","og_site_name":"Onur \u015fark\u00fcteri kars","article_modified_time":"2026-01-23T19:39:57+00:00","og_image":[{"width":1920,"height":2560,"url":"https:\/\/onursarkuterikars.com\/wp-content\/uploads\/2026\/01\/BeyazCcecil-scaled.jpeg","type":"image\/jpeg"}],"twitter_card":"summary_large_image","twitter_misc":{"Tahmini okuma s\u00fcresi":"1 dakika"},"schema":{"@context":"https:\/\/schema.org","@graph":[{"@type":"WebPage","@id":"https:\/\/onursarkuterikars.com\/index.php\/product\/taze-cecil-peyniri\/","url":"https:\/\/onursarkuterikars.com\/index.php\/product\/taze-cecil-peyniri\/","name":"Taze \u00c7e\u00e7il Peyniri - Onur \u015fark\u00fcteri kars","isPartOf":{"@id":"https:\/\/onursarkuterikars.com\/#website"},"primaryImageOfPage":{"@id":"https:\/\/onursarkuterikars.com\/index.php\/product\/taze-cecil-peyniri\/#primaryimage"},"image":{"@id":"https:\/\/onursarkuterikars.com\/index.php\/product\/taze-cecil-peyniri\/#primaryimage"},"thumbnailUrl":"https:\/\/onursarkuterikars.com\/wp-content\/uploads\/2026\/01\/BeyazCcecil-scaled.jpeg","datePublished":"2026-01-23T19:35:36+00:00","dateModified":"2026-01-23T19:39:57+00:00","breadcrumb":{"@id":"https:\/\/onursarkuterikars.com\/index.php\/product\/taze-cecil-peyniri\/#breadcrumb"},"inLanguage":"tr","potentialAction":[{"@type":"ReadAction","target":["https:\/\/onursarkuterikars.com\/index.php\/product\/taze-cecil-peyniri\/"]}]},{"@type":"ImageObject","inLanguage":"tr","@id":"https:\/\/onursarkuterikars.com\/index.php\/product\/taze-cecil-peyniri\/#primaryimage","url":"https:\/\/onursarkuterikars.com\/wp-content\/uploads\/2026\/01\/BeyazCcecil-scaled.jpeg","contentUrl":"https:\/\/onursarkuterikars.com\/wp-content\/uploads\/2026\/01\/BeyazCcecil-scaled.jpeg","width":1920,"height":2560},{"@type":"BreadcrumbList","@id":"https:\/\/onursarkuterikars.com\/index.php\/product\/taze-cecil-peyniri\/#breadcrumb","itemListElement":[{"@type":"ListItem","position":1,"name":"Anasayfa","item":"https:\/\/onursarkuterikars.com\/"},{"@type":"ListItem","position":2,"name":"\u00dcr\u00fcnlerimiz","item":"https:\/\/onursarkuterikars.com\/index.php\/urunlerimiz\/"},{"@type":"ListItem","position":3,"name":"Taze \u00c7e\u00e7il Peyniri"}]},{"@type":"WebSite","@id":"https:\/\/onursarkuterikars.com\/#website","url":"https:\/\/onursarkuterikars.com\/","name":"Onur \u015fark\u00fcteri kars","description":"leziz \u00fcr\u00fcnler","publisher":{"@id":"https:\/\/onursarkuterikars.com\/#organization"},"potentialAction":[{"@type":"SearchAction","target":{"@type":"EntryPoint","urlTemplate":"https:\/\/onursarkuterikars.com\/?s={search_term_string}"},"query-input":{"@type":"PropertyValueSpecification","valueRequired":true,"valueName":"search_term_string"}}],"inLanguage":"tr"},{"@type":"Organization","@id":"https:\/\/onursarkuterikars.com\/#organization","name":"Onur \u015fark\u00fcteri kars","url":"https:\/\/onursarkuterikars.com\/","logo":{"@type":"ImageObject","inLanguage":"tr","@id":"https:\/\/onursarkuterikars.com\/#\/schema\/logo\/image\/","url":"https:\/\/onursarkuterikars.com\/wp-content\/uploads\/2026\/01\/cropped-ONUR-SARKUTERI_20251231_202110_0000.png","contentUrl":"https:\/\/onursarkuterikars.com\/wp-content\/uploads\/2026\/01\/cropped-ONUR-SARKUTERI_20251231_202110_0000.png","width":512,"height":512,"caption":"Onur \u015fark\u00fcteri kars"},"image":{"@id":"https:\/\/onursarkuterikars.com\/#\/schema\/logo\/image\/"}}]}},"_links":{"self":[{"href":"https:\/\/onursarkuterikars.com\/index.php\/wp-json\/wp\/v2\/product\/21846","targetHints":{"allow":["GET"]}}],"collection":[{"href":"https:\/\/onursarkuterikars.com\/index.php\/wp-json\/wp\/v2\/product"}],"about":[{"href":"https:\/\/onursarkuterikars.com\/index.php\/wp-json\/wp\/v2\/types\/product"}],"replies":[{"embeddable":true,"href":"https:\/\/onursarkuterikars.com\/index.php\/wp-json\/wp\/v2\/comments?post=21846"}],"wp:featuredmedia":[{"embeddable":true,"href":"https:\/\/onursarkuterikars.com\/index.php\/wp-json\/wp\/v2\/media\/21849"}],"wp:attachment":[{"href":"https:\/\/onursarkuterikars.com\/index.php\/wp-json\/wp\/v2\/media?parent=21846"}],"wp:term":[{"taxonomy":"product_brand","embeddable":true,"href":"https:\/\/onursarkuterikars.com\/index.php\/wp-json\/wp\/v2\/product_brand?post=21846"},{"taxonomy":"product_cat","embeddable":true,"href":"https:\/\/onursarkuterikars.com\/index.php\/wp-json\/wp\/v2\/product_cat?post=21846"},{"taxonomy":"product_tag","embeddable":true,"href":"https:\/\/onursarkuterikars.com\/index.php\/wp-json\/wp\/v2\/product_tag?post=21846"}],"curies":[{"name":"wp","href":"https:\/\/api.w.org\/{rel}","templated":true}]}}