{"id":21895,"date":"2026-01-23T23:48:54","date_gmt":"2026-01-23T20:48:54","guid":{"rendered":"https:\/\/onursarkuterikars.com\/?post_type=product&#038;p=21895"},"modified":"2026-01-23T23:58:21","modified_gmt":"2026-01-23T20:58:21","slug":"kagizman-kome-bol-cevizli","status":"publish","type":"product","link":"https:\/\/onursarkuterikars.com\/index.php\/product\/kagizman-kome-bol-cevizli\/","title":{"rendered":"Ka\u011f\u0131zman K\u00f6mesi (Bol Cevizli)"},"content":{"rendered":"","protected":false},"excerpt":{"rendered":"<p>Y\u00fczde y\u00fcz ceviz, y\u00fczde y\u00fcz lezzet!<\/p>\n<p>Do\u011fal \u00fcz\u00fcm \u015f\u0131ras\u0131yla kaynat\u0131lm\u0131\u015f pekmez suyunun i\u00e7ine ip boyunca dizilen cevizlerin dald\u0131r\u0131lmas\u0131yla haz\u0131rlanan bu geleneksel lezzet, tam bir enerji deposu.<\/p>\n<p>\u0130\u00e7eri\u011finde bol miktarda ceviz bulunur, tatl\u0131l\u0131\u011f\u0131 ise do\u011fal \u00fcz\u00fcmden gelir \u2013 katk\u0131, \u015feker ya da koruyucu i\u00e7ermez.<\/p>\n<p>Do\u011fu Anadolu\u2019nun en sevilen at\u0131\u015ft\u0131rmal\u0131klar\u0131ndan biri olan k\u00f6memiz, hem sa\u011fl\u0131kl\u0131 bir tatl\u0131 alternatifi hem de \u00e7ocuklar i\u00e7in do\u011fal bir enerji kayna\u011f\u0131d\u0131r.<\/p>\n<p>\ud83c\udf7d\ufe0f T\u00fcketim \u00d6nerisi:<\/p>\n<p>\u2013 Kahve ya da \u00e7ay yan\u0131nda do\u011fal at\u0131\u015ft\u0131rmal\u0131k<\/p>\n<p>\u2013 Ara \u00f6\u011f\u00fcnlerde sa\u011fl\u0131kl\u0131 enerji kayna\u011f\u0131<\/p>\n<p>\u2013 Do\u011fal tatl\u0131 sevenler i\u00e7in ideal<\/p>\n<p>\ud83d\udce6 1 kg vakumlu paket<\/p>\n<p>\ud83d\udccd Serin, kuru ve g\u00fcne\u015f g\u00f6rmeyen yerde muhafaza ediniz<\/p>\n<p>\ud83d\udd52 Raf \u00f6mr\u00fc: 6 ay<\/p>\n<p>Do\u011fall\u0131k, ceviz ve eme\u011fin birle\u015fti\u011fi bir tatl\u0131\u2026<\/p>\n<p>Kars\u2019tan geleneksel lezzet: Bol Cevizli K\u00f6me<\/p>\n","protected":false},"featured_media":21899,"comment_status":"open","ping_status":"closed","template":"","meta":[],"product_brand":[],"product_cat":[46],"product_tag":[79,77],"class_list":{"0":"post-21895","1":"product","2":"type-product","3":"status-publish","4":"has-post-thumbnail","6":"product_cat-yoreselurunler","7":"product_tag-kome","8":"product_tag-yoresel-urunler","10":"first","11":"instock","12":"sale","13":"shipping-taxable","14":"purchasable","15":"product-type-variable"},"yoast_head":"<!-- This site is optimized with the Yoast SEO plugin v26.7 - https:\/\/yoast.com\/wordpress\/plugins\/seo\/ -->\n<title>Ka\u011f\u0131zman K\u00f6mesi (Bol Cevizli) - Onur \u015fark\u00fcteri kars<\/title>\n<meta name=\"robots\" content=\"index, follow, max-snippet:-1, max-image-preview:large, max-video-preview:-1\" \/>\n<link rel=\"canonical\" href=\"https:\/\/onursarkuterikars.com\/index.php\/product\/kagizman-kome-bol-cevizli\/\" \/>\n<meta property=\"og:locale\" content=\"tr_TR\" \/>\n<meta property=\"og:type\" content=\"article\" \/>\n<meta property=\"og:title\" content=\"Ka\u011f\u0131zman K\u00f6mesi (Bol Cevizli) - Onur \u015fark\u00fcteri kars\" \/>\n<meta property=\"og:description\" content=\"Y\u00fczde y\u00fcz ceviz, y\u00fczde y\u00fcz lezzet!  Do\u011fal \u00fcz\u00fcm \u015f\u0131ras\u0131yla kaynat\u0131lm\u0131\u015f pekmez suyunun i\u00e7ine ip boyunca dizilen cevizlerin dald\u0131r\u0131lmas\u0131yla haz\u0131rlanan bu geleneksel lezzet, tam bir enerji deposu.  \u0130\u00e7eri\u011finde bol miktarda ceviz bulunur, tatl\u0131l\u0131\u011f\u0131 ise do\u011fal \u00fcz\u00fcmden gelir \u2013 katk\u0131, \u015feker ya da koruyucu i\u00e7ermez.  Do\u011fu Anadolu\u2019nun en sevilen at\u0131\u015ft\u0131rmal\u0131klar\u0131ndan biri olan k\u00f6memiz, hem sa\u011fl\u0131kl\u0131 bir tatl\u0131 alternatifi hem de \u00e7ocuklar i\u00e7in do\u011fal bir enerji kayna\u011f\u0131d\u0131r.  \ud83c\udf7d\ufe0f T\u00fcketim \u00d6nerisi:  \u2013 Kahve ya da \u00e7ay yan\u0131nda do\u011fal at\u0131\u015ft\u0131rmal\u0131k  \u2013 Ara \u00f6\u011f\u00fcnlerde sa\u011fl\u0131kl\u0131 enerji kayna\u011f\u0131  \u2013 Do\u011fal tatl\u0131 sevenler i\u00e7in ideal  \ud83d\udce6 1 kg vakumlu paket  \ud83d\udccd Serin, kuru ve g\u00fcne\u015f g\u00f6rmeyen yerde muhafaza ediniz  \ud83d\udd52 Raf \u00f6mr\u00fc: 6 ay  Do\u011fall\u0131k, ceviz ve eme\u011fin birle\u015fti\u011fi bir tatl\u0131\u2026  Kars\u2019tan geleneksel lezzet: Bol Cevizli K\u00f6me\" \/>\n<meta property=\"og:url\" content=\"https:\/\/onursarkuterikars.com\/index.php\/product\/kagizman-kome-bol-cevizli\/\" \/>\n<meta property=\"og:site_name\" content=\"Onur \u015fark\u00fcteri kars\" \/>\n<meta property=\"article:modified_time\" content=\"2026-01-23T20:58:21+00:00\" \/>\n<meta property=\"og:image\" content=\"https:\/\/onursarkuterikars.com\/wp-content\/uploads\/2026\/01\/kome2-scaled.jpeg\" \/>\n\t<meta property=\"og:image:width\" content=\"1920\" \/>\n\t<meta property=\"og:image:height\" content=\"2560\" \/>\n\t<meta property=\"og:image:type\" content=\"image\/jpeg\" \/>\n<meta name=\"twitter:card\" content=\"summary_large_image\" \/>\n<meta name=\"twitter:label1\" content=\"Tahmini okuma s\u00fcresi\" \/>\n\t<meta name=\"twitter:data1\" content=\"1 dakika\" \/>\n<script type=\"application\/ld+json\" class=\"yoast-schema-graph\">{\"@context\":\"https:\/\/schema.org\",\"@graph\":[{\"@type\":\"WebPage\",\"@id\":\"https:\/\/onursarkuterikars.com\/index.php\/product\/kagizman-kome-bol-cevizli\/\",\"url\":\"https:\/\/onursarkuterikars.com\/index.php\/product\/kagizman-kome-bol-cevizli\/\",\"name\":\"Ka\u011f\u0131zman K\u00f6mesi (Bol Cevizli) - Onur \u015fark\u00fcteri kars\",\"isPartOf\":{\"@id\":\"https:\/\/onursarkuterikars.com\/#website\"},\"primaryImageOfPage\":{\"@id\":\"https:\/\/onursarkuterikars.com\/index.php\/product\/kagizman-kome-bol-cevizli\/#primaryimage\"},\"image\":{\"@id\":\"https:\/\/onursarkuterikars.com\/index.php\/product\/kagizman-kome-bol-cevizli\/#primaryimage\"},\"thumbnailUrl\":\"https:\/\/onursarkuterikars.com\/wp-content\/uploads\/2026\/01\/kome2-scaled.jpeg\",\"datePublished\":\"2026-01-23T20:48:54+00:00\",\"dateModified\":\"2026-01-23T20:58:21+00:00\",\"breadcrumb\":{\"@id\":\"https:\/\/onursarkuterikars.com\/index.php\/product\/kagizman-kome-bol-cevizli\/#breadcrumb\"},\"inLanguage\":\"tr\",\"potentialAction\":[{\"@type\":\"ReadAction\",\"target\":[\"https:\/\/onursarkuterikars.com\/index.php\/product\/kagizman-kome-bol-cevizli\/\"]}]},{\"@type\":\"ImageObject\",\"inLanguage\":\"tr\",\"@id\":\"https:\/\/onursarkuterikars.com\/index.php\/product\/kagizman-kome-bol-cevizli\/#primaryimage\",\"url\":\"https:\/\/onursarkuterikars.com\/wp-content\/uploads\/2026\/01\/kome2-scaled.jpeg\",\"contentUrl\":\"https:\/\/onursarkuterikars.com\/wp-content\/uploads\/2026\/01\/kome2-scaled.jpeg\",\"width\":1920,\"height\":2560},{\"@type\":\"BreadcrumbList\",\"@id\":\"https:\/\/onursarkuterikars.com\/index.php\/product\/kagizman-kome-bol-cevizli\/#breadcrumb\",\"itemListElement\":[{\"@type\":\"ListItem\",\"position\":1,\"name\":\"Anasayfa\",\"item\":\"https:\/\/onursarkuterikars.com\/\"},{\"@type\":\"ListItem\",\"position\":2,\"name\":\"\u00dcr\u00fcnlerimiz\",\"item\":\"https:\/\/onursarkuterikars.com\/index.php\/urunlerimiz\/\"},{\"@type\":\"ListItem\",\"position\":3,\"name\":\"Ka\u011f\u0131zman K\u00f6mesi (Bol Cevizli)\"}]},{\"@type\":\"WebSite\",\"@id\":\"https:\/\/onursarkuterikars.com\/#website\",\"url\":\"https:\/\/onursarkuterikars.com\/\",\"name\":\"Onur \u015fark\u00fcteri kars\",\"description\":\"leziz \u00fcr\u00fcnler\",\"publisher\":{\"@id\":\"https:\/\/onursarkuterikars.com\/#organization\"},\"potentialAction\":[{\"@type\":\"SearchAction\",\"target\":{\"@type\":\"EntryPoint\",\"urlTemplate\":\"https:\/\/onursarkuterikars.com\/?s={search_term_string}\"},\"query-input\":{\"@type\":\"PropertyValueSpecification\",\"valueRequired\":true,\"valueName\":\"search_term_string\"}}],\"inLanguage\":\"tr\"},{\"@type\":\"Organization\",\"@id\":\"https:\/\/onursarkuterikars.com\/#organization\",\"name\":\"Onur \u015fark\u00fcteri kars\",\"url\":\"https:\/\/onursarkuterikars.com\/\",\"logo\":{\"@type\":\"ImageObject\",\"inLanguage\":\"tr\",\"@id\":\"https:\/\/onursarkuterikars.com\/#\/schema\/logo\/image\/\",\"url\":\"https:\/\/onursarkuterikars.com\/wp-content\/uploads\/2026\/01\/cropped-ONUR-SARKUTERI_20251231_202110_0000.png\",\"contentUrl\":\"https:\/\/onursarkuterikars.com\/wp-content\/uploads\/2026\/01\/cropped-ONUR-SARKUTERI_20251231_202110_0000.png\",\"width\":512,\"height\":512,\"caption\":\"Onur \u015fark\u00fcteri kars\"},\"image\":{\"@id\":\"https:\/\/onursarkuterikars.com\/#\/schema\/logo\/image\/\"}}]}<\/script>\n<!-- \/ Yoast SEO plugin. -->","yoast_head_json":{"title":"Ka\u011f\u0131zman K\u00f6mesi (Bol Cevizli) - Onur \u015fark\u00fcteri kars","robots":{"index":"index","follow":"follow","max-snippet":"max-snippet:-1","max-image-preview":"max-image-preview:large","max-video-preview":"max-video-preview:-1"},"canonical":"https:\/\/onursarkuterikars.com\/index.php\/product\/kagizman-kome-bol-cevizli\/","og_locale":"tr_TR","og_type":"article","og_title":"Ka\u011f\u0131zman K\u00f6mesi (Bol Cevizli) - Onur \u015fark\u00fcteri kars","og_description":"Y\u00fczde y\u00fcz ceviz, y\u00fczde y\u00fcz lezzet!  Do\u011fal \u00fcz\u00fcm \u015f\u0131ras\u0131yla kaynat\u0131lm\u0131\u015f pekmez suyunun i\u00e7ine ip boyunca dizilen cevizlerin dald\u0131r\u0131lmas\u0131yla haz\u0131rlanan bu geleneksel lezzet, tam bir enerji deposu.  \u0130\u00e7eri\u011finde bol miktarda ceviz bulunur, tatl\u0131l\u0131\u011f\u0131 ise do\u011fal \u00fcz\u00fcmden gelir \u2013 katk\u0131, \u015feker ya da koruyucu i\u00e7ermez.  Do\u011fu Anadolu\u2019nun en sevilen at\u0131\u015ft\u0131rmal\u0131klar\u0131ndan biri olan k\u00f6memiz, hem sa\u011fl\u0131kl\u0131 bir tatl\u0131 alternatifi hem de \u00e7ocuklar i\u00e7in do\u011fal bir enerji kayna\u011f\u0131d\u0131r.  \ud83c\udf7d\ufe0f T\u00fcketim \u00d6nerisi:  \u2013 Kahve ya da \u00e7ay yan\u0131nda do\u011fal at\u0131\u015ft\u0131rmal\u0131k  \u2013 Ara \u00f6\u011f\u00fcnlerde sa\u011fl\u0131kl\u0131 enerji kayna\u011f\u0131  \u2013 Do\u011fal tatl\u0131 sevenler i\u00e7in ideal  \ud83d\udce6 1 kg vakumlu paket  \ud83d\udccd Serin, kuru ve g\u00fcne\u015f g\u00f6rmeyen yerde muhafaza ediniz  \ud83d\udd52 Raf \u00f6mr\u00fc: 6 ay  Do\u011fall\u0131k, ceviz ve eme\u011fin birle\u015fti\u011fi bir tatl\u0131\u2026  Kars\u2019tan geleneksel lezzet: Bol Cevizli K\u00f6me","og_url":"https:\/\/onursarkuterikars.com\/index.php\/product\/kagizman-kome-bol-cevizli\/","og_site_name":"Onur \u015fark\u00fcteri kars","article_modified_time":"2026-01-23T20:58:21+00:00","og_image":[{"width":1920,"height":2560,"url":"https:\/\/onursarkuterikars.com\/wp-content\/uploads\/2026\/01\/kome2-scaled.jpeg","type":"image\/jpeg"}],"twitter_card":"summary_large_image","twitter_misc":{"Tahmini okuma s\u00fcresi":"1 dakika"},"schema":{"@context":"https:\/\/schema.org","@graph":[{"@type":"WebPage","@id":"https:\/\/onursarkuterikars.com\/index.php\/product\/kagizman-kome-bol-cevizli\/","url":"https:\/\/onursarkuterikars.com\/index.php\/product\/kagizman-kome-bol-cevizli\/","name":"Ka\u011f\u0131zman K\u00f6mesi (Bol Cevizli) - Onur \u015fark\u00fcteri kars","isPartOf":{"@id":"https:\/\/onursarkuterikars.com\/#website"},"primaryImageOfPage":{"@id":"https:\/\/onursarkuterikars.com\/index.php\/product\/kagizman-kome-bol-cevizli\/#primaryimage"},"image":{"@id":"https:\/\/onursarkuterikars.com\/index.php\/product\/kagizman-kome-bol-cevizli\/#primaryimage"},"thumbnailUrl":"https:\/\/onursarkuterikars.com\/wp-content\/uploads\/2026\/01\/kome2-scaled.jpeg","datePublished":"2026-01-23T20:48:54+00:00","dateModified":"2026-01-23T20:58:21+00:00","breadcrumb":{"@id":"https:\/\/onursarkuterikars.com\/index.php\/product\/kagizman-kome-bol-cevizli\/#breadcrumb"},"inLanguage":"tr","potentialAction":[{"@type":"ReadAction","target":["https:\/\/onursarkuterikars.com\/index.php\/product\/kagizman-kome-bol-cevizli\/"]}]},{"@type":"ImageObject","inLanguage":"tr","@id":"https:\/\/onursarkuterikars.com\/index.php\/product\/kagizman-kome-bol-cevizli\/#primaryimage","url":"https:\/\/onursarkuterikars.com\/wp-content\/uploads\/2026\/01\/kome2-scaled.jpeg","contentUrl":"https:\/\/onursarkuterikars.com\/wp-content\/uploads\/2026\/01\/kome2-scaled.jpeg","width":1920,"height":2560},{"@type":"BreadcrumbList","@id":"https:\/\/onursarkuterikars.com\/index.php\/product\/kagizman-kome-bol-cevizli\/#breadcrumb","itemListElement":[{"@type":"ListItem","position":1,"name":"Anasayfa","item":"https:\/\/onursarkuterikars.com\/"},{"@type":"ListItem","position":2,"name":"\u00dcr\u00fcnlerimiz","item":"https:\/\/onursarkuterikars.com\/index.php\/urunlerimiz\/"},{"@type":"ListItem","position":3,"name":"Ka\u011f\u0131zman K\u00f6mesi (Bol Cevizli)"}]},{"@type":"WebSite","@id":"https:\/\/onursarkuterikars.com\/#website","url":"https:\/\/onursarkuterikars.com\/","name":"Onur \u015fark\u00fcteri kars","description":"leziz \u00fcr\u00fcnler","publisher":{"@id":"https:\/\/onursarkuterikars.com\/#organization"},"potentialAction":[{"@type":"SearchAction","target":{"@type":"EntryPoint","urlTemplate":"https:\/\/onursarkuterikars.com\/?s={search_term_string}"},"query-input":{"@type":"PropertyValueSpecification","valueRequired":true,"valueName":"search_term_string"}}],"inLanguage":"tr"},{"@type":"Organization","@id":"https:\/\/onursarkuterikars.com\/#organization","name":"Onur \u015fark\u00fcteri kars","url":"https:\/\/onursarkuterikars.com\/","logo":{"@type":"ImageObject","inLanguage":"tr","@id":"https:\/\/onursarkuterikars.com\/#\/schema\/logo\/image\/","url":"https:\/\/onursarkuterikars.com\/wp-content\/uploads\/2026\/01\/cropped-ONUR-SARKUTERI_20251231_202110_0000.png","contentUrl":"https:\/\/onursarkuterikars.com\/wp-content\/uploads\/2026\/01\/cropped-ONUR-SARKUTERI_20251231_202110_0000.png","width":512,"height":512,"caption":"Onur \u015fark\u00fcteri kars"},"image":{"@id":"https:\/\/onursarkuterikars.com\/#\/schema\/logo\/image\/"}}]}},"_links":{"self":[{"href":"https:\/\/onursarkuterikars.com\/index.php\/wp-json\/wp\/v2\/product\/21895","targetHints":{"allow":["GET"]}}],"collection":[{"href":"https:\/\/onursarkuterikars.com\/index.php\/wp-json\/wp\/v2\/product"}],"about":[{"href":"https:\/\/onursarkuterikars.com\/index.php\/wp-json\/wp\/v2\/types\/product"}],"replies":[{"embeddable":true,"href":"https:\/\/onursarkuterikars.com\/index.php\/wp-json\/wp\/v2\/comments?post=21895"}],"wp:featuredmedia":[{"embeddable":true,"href":"https:\/\/onursarkuterikars.com\/index.php\/wp-json\/wp\/v2\/media\/21899"}],"wp:attachment":[{"href":"https:\/\/onursarkuterikars.com\/index.php\/wp-json\/wp\/v2\/media?parent=21895"}],"wp:term":[{"taxonomy":"product_brand","embeddable":true,"href":"https:\/\/onursarkuterikars.com\/index.php\/wp-json\/wp\/v2\/product_brand?post=21895"},{"taxonomy":"product_cat","embeddable":true,"href":"https:\/\/onursarkuterikars.com\/index.php\/wp-json\/wp\/v2\/product_cat?post=21895"},{"taxonomy":"product_tag","embeddable":true,"href":"https:\/\/onursarkuterikars.com\/index.php\/wp-json\/wp\/v2\/product_tag?post=21895"}],"curies":[{"name":"wp","href":"https:\/\/api.w.org\/{rel}","templated":true}]}}